{"id":2445,"date":"2025-12-10T19:24:15","date_gmt":"2025-12-10T19:24:15","guid":{"rendered":"https:\/\/deve-oito.empresafacil.ma.gov.br\/home\/?page_id=2445"},"modified":"2026-02-20T19:09:51","modified_gmt":"2026-02-20T19:09:51","slug":"certidoes","status":"publish","type":"page","link":"https:\/\/www.empresafacil.ma.gov.br\/home\/certidoes\/","title":{"rendered":"Certid\u00f5es"},"content":{"rendered":"","protected":false},"excerpt":{"rendered":"","protected":false},"author":1,"featured_media":0,"parent":0,"menu_order":0,"comment_status":"closed","ping_status":"closed","template":"template-parts\/page-junta-comercial.php","meta":{"footnotes":""},"class_list":["post-2445","page","type-page","status-publish","hentry"],"acf":{"servicos":[{"titulo":"Acompanhar Certid\u00e3o","conteudo":"Exibe o status da certid\u00e3o.","btn":"https:\/\/%s.empresafacil.ma.gov.br\/certidao-online\/lista-solicitacao","parametros":"","method":"POST","mensagem_modal":"","acesso":["visivel_todos"]},{"titulo":"Certid\u00e3o Simplificada","conteudo":"Constitui-se de extrato de informa\u00e7\u00f5es atualizadas sintetizadas sobre a situa\u00e7\u00e3o atual de uma empresa, quais sejam: nome empresarial, natureza jur\u00eddica, N\u00famero de registro, CNPJ, data de arquivamento do ato constitutivo, data de in\u00edcio de atividade, endere\u00e7o, objeto social, capital social, porte (ME ou EPP), dados do \u00faltimo arquivamento, situa\u00e7\u00e3o (se ativa ou inativa) e dados b\u00e1sicos do empres\u00e1rio ou s\u00f3cio(s).","btn":"https:\/\/%s.empresafacil.ma.gov.br\/s\/consultaprevia\/prepare-primeiro-passo\/","parametros":"{'tipo_empresa':'mf','tipo_evento':'cs','evento[]':'650'}","method":"POST","mensagem_modal":"","acesso":["visivel_todos"]},{"titulo":"Certid\u00e3o Espec\u00edfica de Participa\u00e7\u00e3o Societ\u00e1ria de Pessoa Jur\u00eddica em Sociedade (exceto S.A e Cooperativas)","conteudo":"Certifica se determinada empresa j\u00e1 fez ou faz parte do quadro societ\u00e1rio de outra(s) empresa(s) perante a junta comercial.","btn":"https:\/\/%s.empresafacil.ma.gov.br\/s\/consultaprevia\/prepare-primeiro-passo\/","parametros":"{'tipo_empresa':'mf','tipo_evento':'cepj','evento[]':'652'}","method":"POST","mensagem_modal":"","acesso":["visivel_todos"]},{"titulo":"Certid\u00e3o Espec\u00edfica de Exist\u00eancia de Empresa Registrada na Junta Comercial (hist\u00f3rico de ato arquivado)","conteudo":"Certifica o hist\u00f3rico de Ato(s) arquivado(s) pela empresa perante a Junta Comercial. Cont\u00e9m a data do arquivamento, o n\u00famero do Ato e descri\u00e7\u00e3o do Ato. Caso n\u00e3o exista registro junto \u00e0 Junta Comercial, ser\u00e1 emitida uma certid\u00e3o de nada consta.","btn":"https:\/\/%s.empresafacil.ma.gov.br\/s\/consultaprevia\/prepare-primeiro-passo\/","parametros":"{'tipo_empresa':'mf','tipo_evento':'historico','evento[]':'653'}","method":"POST","mensagem_modal":"","acesso":["visivel_todos"]},{"titulo":"Certid\u00e3o Espec\u00edfica a Definir Relato","conteudo":"Constitui-se de relato dos elementos constantes de atos arquivados que o requerente pretende ver certificados. Na certid\u00e3o dever\u00e3o ser certificadas as informa\u00e7\u00f5es constantes do pedido, seguidas das refer\u00eancias aos respectivos atos, n\u00fameros e datas de arquivamento na Junta Comercial.","btn":"https:\/\/%s.empresafacil.ma.gov.br\/certidao-online\/definir","parametros":"{'tipo_evento':'definir','evento[]':'654'}","method":"POST","mensagem_modal":"","acesso":["visivel_todos"]},{"titulo":"Certid\u00e3o Espec\u00edfica de Livros","conteudo":"Constitui-se de relat\u00f3rio do(s) livro(s) autenticado(s) pela empresa na Junta Comercial.","btn":"https:\/\/%s.empresafacil.ma.gov.br\/certidao-online\/livro","parametros":"","method":"POST","mensagem_modal":"","acesso":["visivel_todos"]},{"titulo":"Certid\u00e3o Espec\u00edfica Armaz\u00e9ns Gerais","conteudo":"Trata-se de informa\u00e7\u00f5es cadastrais de empresas de Armaz\u00e9ns Gerais.","btn":"https:\/\/%s.empresafacil.ma.gov.br\/certidao-online\/armazem","parametros":"","method":"POST","mensagem_modal":"","acesso":["visivel_todos"]},{"titulo":"Certid\u00e3o Espec\u00edfica de Exist\u00eancia de Empresas em Nome de Pessoas F\u00edsicas e\/ou Participa\u00e7\u00e3o de Empresas","conteudo":"Certifica as empresas que determinada pessoa f\u00edsica (CPF) fez ou faz parte do quadro societ\u00e1rio (QSA), perante a Junta Comercial.","btn":"https:\/\/%s.empresafacil.ma.gov.br\/s\/consultaprevia\/prepare-primeiro-passo\/","parametros":"{'tipo_empresa':'mf','tipo_evento':'cepf','evento[]':'651'}","method":"POST","mensagem_modal":"","acesso":["visivel_todos"]},{"titulo":"Certid\u00e3o Espec\u00edfica da Linha do Tempo do Quadro de S\u00f3cios e Administradores","conteudo":"Certifica a qualifica\u00e7\u00e3o dos s\u00f3cios, o capital social e a participa\u00e7\u00e3o de cada um (exceto em S.A. ou comandita por a\u00e7\u00f5es); a qualifica\u00e7\u00e3o completa dos administradores e membros de \u00f3rg\u00e3os de gest\u00e3o previstos em contrato ou estatuto; as datas de entrada e sa\u00edda de s\u00f3cios e de administradores, independentemente do motivo (cess\u00e3o, doa\u00e7\u00e3o, morte, elei\u00e7\u00e3o, ren\u00fancia, decis\u00e3o judicial, entre outros).","btn":"https:\/\/%s.empresafacil.ma.gov.br\/s\/consultaprevia\/prepare-primeiro-passo\/","parametros":"{'tipo_empresa':'mf','tipo_evento':'celt','evento[]':'648'}","method":"POST","mensagem_modal":"","acesso":["visivel_todos"]},{"titulo":"Certid\u00e3o Espec\u00edfica de Leiloeiro","conteudo":"Constitui-se de relato descritivo de arquivamentos relativos ao Leiloeiro. Na certid\u00e3o ser\u00e3o certificadas as informa\u00e7\u00f5es constantes do pedido apresentado pelo requerente.","btn":"https:\/\/%s.empresafacil.ma.gov.br\/certidao-online\/leiloeiro-pregoeiro","parametros":"{'tipo_evento':'cell','evento[]':'661'}","method":"POST","mensagem_modal":"","acesso":["visivel_todos"]},{"titulo":"Certid\u00e3o Espec\u00edfica de \u00d4nus","conteudo":"Certifica quaisquer \u00f4nus, bloqueios, restri\u00e7\u00f5es ou indisponibilidades impostos volunt\u00e1ria ou compulsoriamente (por decis\u00e3o administrativa, judicial ou arbitral) sobre direitos, participa\u00e7\u00f5es societ\u00e1rias ou bens de empres\u00e1rio individual, sociedade empres\u00e1ria ou cooperativa; bem como a exist\u00eancia de instrumentos arquivados de garantia, cess\u00e3o, compra e venda, doa\u00e7\u00e3o ou qualquer outra forma de disposi\u00e7\u00e3o \u2014 inclusive promessas ou contratos condicionais \u2014 envolvendo esses mesmos bens ou direitos.","btn":"https:\/\/%s.empresafacil.ma.gov.br\/s\/consultaprevia\/prepare-primeiro-passo\/","parametros":"{'tipo_empresa':'mf','tipo_evento':'ceo','evento[]':'649'}","method":"POST","mensagem_modal":"","acesso":["visivel_todos"]},{"titulo":"Certid\u00e3o Inteiro Teor","conteudo":"Constitui-se de c\u00f3pia reprogr\u00e1fica ou digitalizada, certificada, do(s) ato(s) arquivado(s) perante a Junta Comercial.","btn":"https:\/\/%s.empresafacil.ma.gov.br\/certidao-online\/inteiro-teor","parametros":" {'tipo_evento':'cs','evento[]':'655'}","method":"POST","mensagem_modal":"","acesso":["visivel_todos"]}]},"_links":{"self":[{"href":"https:\/\/www.empresafacil.ma.gov.br\/home\/wp-json\/wp\/v2\/pages\/2445","targetHints":{"allow":["GET"]}}],"collection":[{"href":"https:\/\/www.empresafacil.ma.gov.br\/home\/wp-json\/wp\/v2\/pages"}],"about":[{"href":"https:\/\/www.empresafacil.ma.gov.br\/home\/wp-json\/wp\/v2\/types\/page"}],"author":[{"embeddable":true,"href":"https:\/\/www.empresafacil.ma.gov.br\/home\/wp-json\/wp\/v2\/users\/1"}],"replies":[{"embeddable":true,"href":"https:\/\/www.empresafacil.ma.gov.br\/home\/wp-json\/wp\/v2\/comments?post=2445"}],"version-history":[{"count":5,"href":"https:\/\/www.empresafacil.ma.gov.br\/home\/wp-json\/wp\/v2\/pages\/2445\/revisions"}],"predecessor-version":[{"id":2863,"href":"https:\/\/www.empresafacil.ma.gov.br\/home\/wp-json\/wp\/v2\/pages\/2445\/revisions\/2863"}],"wp:attachment":[{"href":"https:\/\/www.empresafacil.ma.gov.br\/home\/wp-json\/wp\/v2\/media?parent=2445"}],"curies":[{"name":"wp","href":"https:\/\/api.w.org\/{rel}","templated":true}]}}