{"id":182,"date":"2023-05-23T12:50:48","date_gmt":"2023-05-23T12:50:48","guid":{"rendered":"http:\/\/www.empresafacil.ma.gov.br\/?page_id=182"},"modified":"2025-12-11T20:52:58","modified_gmt":"2025-12-11T20:52:58","slug":"suvisa","status":"publish","type":"page","link":"https:\/\/www.empresafacil.ma.gov.br\/home\/suvisa\/","title":{"rendered":"SUVISA"},"content":{"rendered":"","protected":false},"excerpt":{"rendered":"","protected":false},"author":1,"featured_media":0,"parent":0,"menu_order":0,"comment_status":"closed","ping_status":"closed","template":"template-parts\/page-junta-comercial.php","meta":{"footnotes":""},"class_list":["post-182","page","type-page","status-publish","hentry"],"acf":{"servicos":[{"titulo":"Regulariza\u00e7\u00e3o de Licen\u00e7a Sanit\u00e1ria","conteudo":"","btn":"regularizacao-de-licenca-sanitaria","parametros":"","method":"POST","mensagem_modal":"","acesso":["visivel_todos"]},{"titulo":"Renova\u00e7\u00e3o de Licen\u00e7a Sanit\u00e1ria","conteudo":"","btn":"renovacao-licenca-sanitaria","parametros":"","method":"POST","mensagem_modal":"","acesso":["visivel_todos"]},{"titulo":"Autoriza\u00e7\u00e3o\/Renova\u00e7\u00e3o da Portaria 344\/98","conteudo":"","btn":"autorizacao-renovacao-da-portaria-344-98","parametros":"","method":"POST","mensagem_modal":"","acesso":["visivel_todos"]},{"titulo":"Altera\u00e7\u00e3o Respons\u00e1vel T\u00e9cnico","conteudo":"","btn":"alteracao-do-responsavel-tecnico","parametros":"","method":"POST","mensagem_modal":"","acesso":["visivel_todos"]},{"titulo":"Dispensa de Licen\u00e7a Sanit\u00e1ria","conteudo":"","btn":"divisa-dispensa","parametros":"","method":"POST","mensagem_modal":"","acesso":["visivel_todos"]}]},"_links":{"self":[{"href":"https:\/\/www.empresafacil.ma.gov.br\/home\/wp-json\/wp\/v2\/pages\/182","targetHints":{"allow":["GET"]}}],"collection":[{"href":"https:\/\/www.empresafacil.ma.gov.br\/home\/wp-json\/wp\/v2\/pages"}],"about":[{"href":"https:\/\/www.empresafacil.ma.gov.br\/home\/wp-json\/wp\/v2\/types\/page"}],"author":[{"embeddable":true,"href":"https:\/\/www.empresafacil.ma.gov.br\/home\/wp-json\/wp\/v2\/users\/1"}],"replies":[{"embeddable":true,"href":"https:\/\/www.empresafacil.ma.gov.br\/home\/wp-json\/wp\/v2\/comments?post=182"}],"version-history":[{"count":5,"href":"https:\/\/www.empresafacil.ma.gov.br\/home\/wp-json\/wp\/v2\/pages\/182\/revisions"}],"predecessor-version":[{"id":2495,"href":"https:\/\/www.empresafacil.ma.gov.br\/home\/wp-json\/wp\/v2\/pages\/182\/revisions\/2495"}],"wp:attachment":[{"href":"https:\/\/www.empresafacil.ma.gov.br\/home\/wp-json\/wp\/v2\/media?parent=182"}],"curies":[{"name":"wp","href":"https:\/\/api.w.org\/{rel}","templated":true}]}}