{"id":178,"date":"2023-05-23T12:49:14","date_gmt":"2023-05-23T12:49:14","guid":{"rendered":"http:\/\/www.empresafacil.ma.gov.br\/?page_id=178"},"modified":"2026-02-18T18:31:54","modified_gmt":"2026-02-18T18:31:54","slug":"sefaz","status":"publish","type":"page","link":"https:\/\/www.empresafacil.ma.gov.br\/home\/sefaz\/","title":{"rendered":"SEFAZ"},"content":{"rendered":"","protected":false},"excerpt":{"rendered":"","protected":false},"author":1,"featured_media":0,"parent":0,"menu_order":0,"comment_status":"closed","ping_status":"closed","template":"template-parts\/page-junta-comercial.php","meta":{"footnotes":""},"class_list":["post-178","page","type-page","status-publish","hentry"],"acf":{"servicos":[{"titulo":"Inscri\u00e7\u00e3o no Estado","conteudo":"","btn":"inscricao-no-estado","parametros":"","method":"POST","mensagem_modal":"","acesso":["visivel_todos"]},{"titulo":"Inscri\u00e7\u00e3o de Substituto Tribut\u00e1rio no Estado","conteudo":"","btn":"inscricao-de-substituto-tributario-no-estado","parametros":"","method":"POST","mensagem_modal":"","acesso":["visivel_todos"]},{"titulo":"Altera\u00e7\u00e3o de Substituto Tribut\u00e1rio no Estado","conteudo":"","btn":"alteracao-de-substituto-tributario-no-estado","parametros":"","method":"POST","mensagem_modal":"","acesso":["visivel_todos"]},{"titulo":"Pedido de Baixa de Substituto Tribut\u00e1rio","conteudo":"","btn":"pedido-de-baixa-de-substituto-tributario","parametros":"","method":"POST","mensagem_modal":"","acesso":["visivel_todos"]},{"titulo":"Atualiza\u00e7\u00e3o de Coordenadas Geogr\u00e1ficas","conteudo":"","btn":"atualizacao-de-coordenadas-geograficas","parametros":"","method":"GET","mensagem_modal":"","acesso":["visivel_deve"]},{"titulo":"Altera\u00e7\u00e3o Exclusiva na SEFAZ","conteudo":"","btn":"alteracao-exclusiva","parametros":"","method":"POST","mensagem_modal":"","acesso":["visivel_todos"]},{"titulo":" Inscri\u00e7\u00e3o no Estado para estabelecimento que est\u00e1 localizado em outro Estado, exceto Subst. Trib.","conteudo":"","btn":"inscricao-no-estado-para-estabelecimento-que-esta-localizado-em-outro-estado-exceto-subst-trib","parametros":"","method":"POST","mensagem_modal":"","acesso":["visivel_todos"]},{"titulo":"Pedido de Baixa Exclusivamente no Estado","conteudo":"","btn":"pedido-baixa-estado","parametros":"","method":"POST","mensagem_modal":"","acesso":["visivel_todos"]},{"titulo":"Produtor Rural","conteudo":"","btn":"produtor-rural","parametros":"","method":"POST","mensagem_modal":"","acesso":["visivel_todos"]},{"titulo":"Recadastramento Produtor Rural Pessoa F\u00edsica","conteudo":"","btn":"https:\/\/%s.empresafacil.ma.gov.br\/produtor-rural\/inscricao-estadual\/alteracao\/","parametros":"{'https:\/\/%s.empresafacil.ma.gov.br\/produtor-rural\/inscricao-estadual\/alteracao\/':''}","method":"POST","mensagem_modal":"","acesso":["visivel_todos"]},{"titulo":"Recadastramento Produtor Rural Pessoa Jur\u00eddica","conteudo":"","btn":"alteracao-exclusiva","parametros":"","method":"POST","mensagem_modal":"","acesso":["visivel_todos"]}]},"_links":{"self":[{"href":"https:\/\/www.empresafacil.ma.gov.br\/home\/wp-json\/wp\/v2\/pages\/178","targetHints":{"allow":["GET"]}}],"collection":[{"href":"https:\/\/www.empresafacil.ma.gov.br\/home\/wp-json\/wp\/v2\/pages"}],"about":[{"href":"https:\/\/www.empresafacil.ma.gov.br\/home\/wp-json\/wp\/v2\/types\/page"}],"author":[{"embeddable":true,"href":"https:\/\/www.empresafacil.ma.gov.br\/home\/wp-json\/wp\/v2\/users\/1"}],"replies":[{"embeddable":true,"href":"https:\/\/www.empresafacil.ma.gov.br\/home\/wp-json\/wp\/v2\/comments?post=178"}],"version-history":[{"count":5,"href":"https:\/\/www.empresafacil.ma.gov.br\/home\/wp-json\/wp\/v2\/pages\/178\/revisions"}],"predecessor-version":[{"id":2690,"href":"https:\/\/www.empresafacil.ma.gov.br\/home\/wp-json\/wp\/v2\/pages\/178\/revisions\/2690"}],"wp:attachment":[{"href":"https:\/\/www.empresafacil.ma.gov.br\/home\/wp-json\/wp\/v2\/media?parent=178"}],"curies":[{"name":"wp","href":"https:\/\/api.w.org\/{rel}","templated":true}]}}