{"id":1397,"date":"2024-07-26T12:42:51","date_gmt":"2024-07-26T12:42:51","guid":{"rendered":"https:\/\/www.empresafacil.ma.gov.br\/home\/?page_id=1397"},"modified":"2025-09-01T18:51:47","modified_gmt":"2025-09-01T18:51:47","slug":"alteracao-do-responsavel-tecnico","status":"publish","type":"page","link":"https:\/\/www.empresafacil.ma.gov.br\/home\/alteracao-do-responsavel-tecnico\/","title":{"rendered":"Altera\u00e7\u00e3o do Respons\u00e1vel T\u00e9cnico"},"content":{"rendered":"","protected":false},"excerpt":{"rendered":"","protected":false},"author":1,"featured_media":0,"parent":0,"menu_order":0,"comment_status":"closed","ping_status":"closed","template":"template-parts\/page-junta-comercial.php","meta":{"footnotes":""},"class_list":["post-1397","page","type-page","status-publish","hentry"],"acf":{"servicos":[{"titulo":"Quero Solicitar Altera\u00e7\u00e3o do Respons\u00e1vel T\u00e9cnico Para Minha Matriz","conteudo":"","btn":"https:\/\/%s.empresafacil.ma.gov.br\/solicitacao\/evento\/eyJmdW5jaW9uYWxpZGFkZSI6IkFsdGVyYcOnw6NvIGRvIFJlc3BvbnPDoXZlbCBUw6ljbmljbyIsImV2ZW50b3MiOlsiMTIxNiJdLCJkZXNjX2V2ZW50byI6Ik1hdHJpeiIsInRpcG9fc29saWNpdGFjYW8iOiIxIiwicGVyZmlsX2VudGlkYWRlIjoiMTA0MzEyIiwicGVyZmlsX29yZ2FvIjoiMTA0MzAyIiwidWYiOiJQSSJ9","parametros":"","method":"POST","mensagem_modal":"","acesso":["visivel_todos"]},{"titulo":"Quero Solicitar Altera\u00e7\u00e3o do Respons\u00e1vel T\u00e9cnico Para Minha Filial","conteudo":"","btn":"https:\/\/%s.empresafacil.ma.gov.br\/solicitacao\/evento\/eyJmdW5jaW9uYWxpZGFkZSI6IkFsdGVyYcOnw6NvIGRvIFJlc3BvbnPDoXZlbCBUw6ljbmljbyIsImV2ZW50b3MiOlsiMTIxNiJdLCJkZXNjX2V2ZW50byI6Ik1hdHJpeiIsInRpcG9fc29saWNpdGFjYW8iOiIxIiwicGVyZmlsX2VudGlkYWRlIjoiMTA0MzEyIiwicGVyZmlsX29yZ2FvIjoiMTA0MzAyIiwidWYiOiJQSSJ9","parametros":"","method":"POST","mensagem_modal":"","acesso":["visivel_todos"]}]},"_links":{"self":[{"href":"https:\/\/www.empresafacil.ma.gov.br\/home\/wp-json\/wp\/v2\/pages\/1397","targetHints":{"allow":["GET"]}}],"collection":[{"href":"https:\/\/www.empresafacil.ma.gov.br\/home\/wp-json\/wp\/v2\/pages"}],"about":[{"href":"https:\/\/www.empresafacil.ma.gov.br\/home\/wp-json\/wp\/v2\/types\/page"}],"author":[{"embeddable":true,"href":"https:\/\/www.empresafacil.ma.gov.br\/home\/wp-json\/wp\/v2\/users\/1"}],"replies":[{"embeddable":true,"href":"https:\/\/www.empresafacil.ma.gov.br\/home\/wp-json\/wp\/v2\/comments?post=1397"}],"version-history":[{"count":3,"href":"https:\/\/www.empresafacil.ma.gov.br\/home\/wp-json\/wp\/v2\/pages\/1397\/revisions"}],"predecessor-version":[{"id":2053,"href":"https:\/\/www.empresafacil.ma.gov.br\/home\/wp-json\/wp\/v2\/pages\/1397\/revisions\/2053"}],"wp:attachment":[{"href":"https:\/\/www.empresafacil.ma.gov.br\/home\/wp-json\/wp\/v2\/media?parent=1397"}],"curies":[{"name":"wp","href":"https:\/\/api.w.org\/{rel}","templated":true}]}}