{"id":1186,"date":"2023-11-29T14:16:15","date_gmt":"2023-11-29T14:16:15","guid":{"rendered":"https:\/\/%s.empresafacil.ma.gov.br\/home\/?page_id=1186"},"modified":"2023-12-06T19:49:02","modified_gmt":"2023-12-06T19:49:02","slug":"inscricao-no-estado-para-estabelecimento-que-esta-localizado-em-outro-estado-exceto-subst-trib","status":"publish","type":"page","link":"https:\/\/www.empresafacil.ma.gov.br\/home\/inscricao-no-estado-para-estabelecimento-que-esta-localizado-em-outro-estado-exceto-subst-trib\/","title":{"rendered":"Inscri\u00e7\u00e3o no Estado para estabelecimento que est\u00e1 localizado em outro Estado, exceto Subst. Trib."},"content":{"rendered":"","protected":false},"excerpt":{"rendered":"","protected":false},"author":1,"featured_media":0,"parent":0,"menu_order":0,"comment_status":"closed","ping_status":"closed","template":"pages\/junta-comercial.php","meta":{"footnotes":""},"class_list":["post-1186","page","type-page","status-publish","hentry"],"acf":[],"_links":{"self":[{"href":"https:\/\/www.empresafacil.ma.gov.br\/home\/wp-json\/wp\/v2\/pages\/1186","targetHints":{"allow":["GET"]}}],"collection":[{"href":"https:\/\/www.empresafacil.ma.gov.br\/home\/wp-json\/wp\/v2\/pages"}],"about":[{"href":"https:\/\/www.empresafacil.ma.gov.br\/home\/wp-json\/wp\/v2\/types\/page"}],"author":[{"embeddable":true,"href":"https:\/\/www.empresafacil.ma.gov.br\/home\/wp-json\/wp\/v2\/users\/1"}],"replies":[{"embeddable":true,"href":"https:\/\/www.empresafacil.ma.gov.br\/home\/wp-json\/wp\/v2\/comments?post=1186"}],"version-history":[{"count":0,"href":"https:\/\/www.empresafacil.ma.gov.br\/home\/wp-json\/wp\/v2\/pages\/1186\/revisions"}],"wp:attachment":[{"href":"https:\/\/www.empresafacil.ma.gov.br\/home\/wp-json\/wp\/v2\/media?parent=1186"}],"curies":[{"name":"wp","href":"https:\/\/api.w.org\/{rel}","templated":true}]}}